t is -13 - 1006?
-1021
In base 2, what is 100 - 100001?
-11101
In base 10, what is 4 - -2643?
2647
In base 6, what is -10 + 521?
511
In base 9, what is 704 + 2?
706
In base 2, what is 10111110101 + 0?
10111110101
In base 14, what is 54 - 5?
4d
In base 12, what is 82 - b?
73
In base 13, what is -14c + -1?
-150
In base 16, what is 6 - -21?
27
In base 14, what is 36 - -150?
186
In base 10, what is -4 - 5740?
-5744
In base 4, what is -11 - -11321?
11310
In base 8, what is -13 - 154?
-167
In base 13, what is 11 + 5?
16
In base 8, what is -1253 - 2?
-1255
In base 10, what is -7 - 3?
-10
In base 11, what is 101 + -8?
a4
In base 15, what is -127 - 10?
-137
In base 8, what is -4 + -2?
-6
In base 13, what is -158 + -2?
-15a
In base 5, what is 31 + -23?
3
In base 13, what is 50 + -72?
-22
In base 4, what is 12100 - -2?
12102
In base 16, what is 13 + -7d?
-6a
In base 11, what is 9 - 56?
-48
In base 7, what is -46 - -11?
-35
In base 2, what is 10000100011 + -10?
10000100001
In base 3, what is 1000210 + -12?
1000121
In base 13, what is 2 - -890?
892
In base 5, what is 10 + -233?
-223
In base 13, what is -55 + 3?
-52
In base 7, what is 4 - 35?
-31
In base 16, what is 1 + -2fd?
-2fc
In base 10, what is 114 + 4?
118
In base 7, what is -111 - 1?
-112
In base 6, what is -13 - 122?
-135
In base 4, what is -132012 + -11?
-132023
In base 5, what is -341 - -23?
-313
In base 4, what is -32 - -1113?
1021
In base 2, what is 1111 - 11110?
-1111
In base 13, what is 23 - 0?
23
In base 8, what is 132 + -5?
125
In base 4, what is 3 + 1113?
1122
In base 16, what is 0 - 1b8f?
-1b8f
In base 11, what is -2 - -754?
752
In base 5, what is 23 + 114?
142
In base 4, what is 0 - 310?
-310
In base 8, what is -1 + -13?
-14
In base 6, what is -2 + 31?
25
In base 2, what is -11001111101 + 10?
-11001111011
In base 16, what is 161 + 5?
166
In base 2, what is -101 - -10100011110?
10100011001
In base 4, what is -33 + 1300?
1201
In base 10, what is -6 - 670?
-676
In base 3, what is -21 - -100?
2
In base 10, what is -4 + -2768?
-2772
In base 5, what is 3 - -32333?
32341
In base 16, what is 30a - 1?
309
In base 15, what is 1 - -285?
286
In base 9, what is -201 - 6?
-207
In base 8, what is -2 + 64?
62
In base 3, what is 0 - 2100221?
-2100221
In base 6, what is -520 - -1?
-515
In base 7, what is -30 + 66?
36
In base 10, what is 1 - -82?
83
In base 14, what is 346 - -2?
348
In base 10, what is 5730 - 1?
5729
In base 4, what is -2301 - 1?
-2302
In base 2, what is -1 + 10110?
10101
In base 2, what is -10 - -1010001001?
1010000111
In base 5, what is -14 - 1232?
-1301
In base 10, what is 1 - -34?
35
In base 2, what is 11101 + -111010111?
-110111010
In base 13, what is -122 + 4?
-11b
In base 5, what is -130 + 11?
-114
In base 9, what is -64 + -128?
-203
In base 15, what is -6 - 165?
-16b
In base 10, what is -5 + 293?
288
In base 13, what is 4 + -210?
-209
In base 9, what is 67 - -1?
68
In base 13, what is -46 - -1?
-45
In base 15, what is -7 + 31?
29
In base 6, what is 0 + -11141?
-11141
In base 10, what is 3 - 1085?
-1082
In base 3, what is -11 + 0?
-11
In base 8, what is 4 - 103?
-77
In base 10, what is 209 - 3?
206
In base 15, what is 2c7 + -1?
2c6
In base 15, what is -7 - -1a7?
1a0
In base 7, what is -214 + 211?
-3
In base 6, what is 10 + -1412?
-1402
In base 10, what is -1 + 1013?
1012
In base 6, what is 3243 - 3?
3240
In base 5, what is -1013 - 11?
-1024
In base 6, what is -20 - -2103?
2043
In base 4, what is -13 + -10023?
-10102
In base 10, what is 2 - -55?
57
In base 14, what is 1 - -5a?
5b
In base 10, what is -7 + 43?
36
In base 9, what is 2063 - 0?
2063
In base 13, what is c + -36?
-27
In base 3, what is 0 - -2202?
2202
In base 15, what is 167 + 3?
16a
In base 2, what is 1000 - -101?
1101
In base 6, what is -43 - 15?
-102
In base 13, what is -2 - 1796?
-1798
In base 4, what is 2220230 - 1?
2220223
In base 6, what is 204 + -1012?
-404
In base 13, what is ca9 + 4?
cb0
In base 10, what is 361 - -1?
362
In base 8, what is -275 + -3?
-300
In base 11, what is 88 - -81?
159
In base 3, what is 21 - 122?
-101
In base 9, what is -4 - -15?
11
In base 16, what is f8 + -4?
f4
In base 7, what is 4 + 14363?
14400
In base 16, what is 6c - -38?
a4
In base 15, what is -1 - 435?
-436
In base 9, what is 3 + 106?
110
In base 16, what is -4 + -8?
-c
In base 15, what is -82 + 2?
-80
In base 8, what is -175 - 2?
-177
In base 5, what is 313 + -1?
312
In base 16, what is 45 + 13?
58
In base 5, what is -12 - 31?
-43
In base 3, what is -2 + -2200?
-2202
In base 14, what is 2 + -786?
-784
In base 12, what is 302 - -10?
312
In base 6, what is -1 + 254?
253
In base 3, what is 121000122 - 11?
121000111
In base 13, what is 83b3 - -5?
83b8
In base 5, what is 4 + -11204?
-11200
In base 16, what is b + 6?
11
In base 14, what is 82 - -2?
84
In base 13, what is -882 + -1?
-883
In base 13, what is -2c3 + 5?
-2bb
In base 13, what is 46 - 2?
44
In base 13, what is 16 - 89?
-73
In base 10, what is -5 + -514?
-519
In base 15, what is -1d - 5?
-23
In base 3, what is 1221221 + 11?
1222002
In base 14, what is 9 - -22?
2b
In base 10, what is -5 + 1642?
1637
In base 2, what is 1110001110 - 110?
1110001000
In base 15, what is -61 - 12?
-73
In base 10, what is -2627 + 3?
-2624
In base 13, what is 12a - -4?
131
In base 4, what is 1103 + 21?
1130
In base 8, what is -6235 + -1?
-6236
In base 10, what is 20962 + -4?
20958
In base 6, what is 235 - -20?
255
In base 14, what is -4 + 19?
15
In base 15, what is bd - 0?
bd
In base 11, what is -34a + -2?
-351
In base 10, what is 5 - -516?
521
In base 11, what is -5643 - -5?
-5639
In base 11, what is 1 + 18?
19
In base 11, what is 19 + -29?
-10
In base 10, what is 3 + -5?
-2
In base 13, what is 0 + 7c1?
7c1
In base 9, what is -68 + 445?
366
In base 15, what is 65d + -1?
65c
In base 14, what is 3318 - 0?
3318
In base 6, what is 350230 - 5?
350221
In base 9, what is 2 + -2117?
-2115
In base 9, what is -1 + 1835?
1834
In base 11, what is 0 - 5?
-5
In base 3, what is 0 + -12010?
-12010
In base 11, what is -473 + 18?
-456
In base 9, what is 4 - 180?
-175
In base 15, what is 1 - 27a?
-279
In base 12, what is -43 + 5?
-3a
In base 14, what is -6 + -79?
-81
In base 14, what is -4 + -d55?
-d59
In base 3, what is -11 + -10?
-21
In base 6, what is -2 + 3?
1
In base 5, what is -11 + -123?
-134
In base 7, what is -42 + 20?
-22
In base 7, what is -203 + 1?
-202
In base 8, what is -50 + 11?
-37
In base 16, what is -1d + -43?
-60
In base 6, what is 23121 - 0?
23121
In base 4, what is 3303 - 133?
3110
In base 2, what is -100 - -1?
-11
In base 15, what is -3b8 + 3?
-3b5
In base 12, what is 4 - -28?
30
In base 12, what is 6 + -2811?
-2807
In base 4, what is 1332 - 21?
1311
In base 8, what is -622 - 4?
-626
In base 3, what is 200 + 21022?
21222
In base 8, what is 4 + -62?
-56
In base 12, what is 117 + 5?
120
In base 7, what is 130 - -26?
156
In base 13, what is -5 - 233?
-238
In base 4, what is 1010 - -10?
1020
In base 10, what is -221 - 5?
-226
In base 13, what is 2c + 2?
31
In base 16, what is 30f - -2?
311
In base 10, what is -375 + 0?
-375
In base 6, what is 544 - -235?
1223
In base 15, what is -180 - -2?
-17d
In base 14, what is -5 - 5b?
-62
In base 15, what is 20 + -12?
d
In base 5, what is 2 + -10302?
-10300
In base 11, what is 3784 + 2?
3786
In base 6, what is 21 - 1241?
-1220
In base 6, what is 5 - -30105?
30114
In base 5, what is 4 - 100?
-41
In base 10, what is 960 + 2?
962
In base 8, what is -34270 - 5?
-34275
In base 9, what is 156 - 0?
156
In base 13, what is 5 - 73?
-6b
In base 14, what is 0 - 3b1?
-3b1
In base 12, what is 194 - 4?
190
In base 15, what is 7b2 + -2?
7b0
In base 9, what is 4 - -671?
675
In base 5, what is -3334 - 1?
-3340
In base 14, what is 41 + -10d?
-ac
In base 6, what is -12013 + -1?
-12014
In base 6, what is -3 + 4433?
4430
In base 4, what is 11 - -2213?
2230
In base 6, what is 1334 - 4?
1330
In base 4, what is -11 + 3030?
3013
In base 10, what is -12 - 5?
-17
In base 12, what is -19 + 272?
255
In base 9, what is -6667 + -5?
-6673
In base 15, what is 12 + -14?
-2
In base 6, what is -31133 + 3?
-31130
In base 11, what is 2 + -99?
-97
In base 13, what is 42 - -2b?
70
In base 13, what is 3085 + -4?
3081
In base 10, what is -4 - 789?
-793
In base 2, what is 0 - 101101100001?
-101101100001